ided by 5?
4
Calculate the remainder when 4607 is divided by 71.
63
Calculate the remainder when 18 is divided by 9.
0
Calculate the remainder when 111 is divided by 111.
0
Calculate the remainder when 1648 is divided by 17.
16
Calculate the remainder when 593 is divided by 22.
21
Calculate the remainder when 1325 is divided by 198.
137
Calculate the remainder when 9200 is divided by 78.
74
What is the remainder when 347 is divided by 11?
6
What is the remainder when 234 is divided by 227?
7
Calculate the remainder when 202 is divided by 17.
15
Calculate the remainder when 625 is divided by 308.
9
Calculate the remainder when 1964 is divided by 164.
160
Calculate the remainder when 2046 is divided by 203.
16
Calculate the remainder when 2868 is divided by 99.
96
Calculate the remainder when 58 is divided by 53.
5
Calculate the remainder when 58847 is divided by 25.
22
Calculate the remainder when 3693 is divided by 308.
305
Calculate the remainder when 332 is divided by 332.
0
Calculate the remainder when 708 is divided by 230.
18
What is the remainder when 11 is divided by 1?
0
What is the remainder when 214 is divided by 44?
38
Calculate the remainder when 1055 is divided by 44.
43
What is the remainder when 234 is divided by 48?
42
What is the remainder when 27 is divided by 1?
0
Calculate the remainder when 167 is divided by 164.
3
Calculate the remainder when 225 is divided by 74.
3
What is the remainder when 21271 is divided by 4?
3
What is the remainder when 43277 is divided by 80?
77
Calculate the remainder when 1395 is divided by 56.
51
What is the remainder when 244 is divided by 96?
52
What is the remainder when 204 is divided by 52?
48
What is the remainder when 50 is divided by 29?
21
Calculate the remainder when 103 is divided by 64.
39
What is the remainder when 448 is divided by 17?
6
What is the remainder when 5015 is divided by 22?
21
What is the remainder when 2071 is divided by 688?
7
Calculate the remainder when 7654 is divided by 22.
20
Calculate the remainder when 65 is divided by 60.
5
What is the remainder when 63 is divided by 37?
26
Calculate the remainder when 357 is divided by 45.
42
What is the remainder when 5090 is divided by 134?
132
What is the remainder when 151 is divided by 138?
13
Calculate the remainder when 196 is divided by 70.
56
What is the remainder when 1791 is divided by 69?
66
Calculate the remainder when 115 is divided by 52.
11
Calculate the remainder when 1061 is divided by 42.
11
What is the remainder when 589 is divided by 3?
1
What is the remainder when 236 is divided by 114?
8
Calculate the remainder when 62 is divided by 19.
5
Calculate the remainder when 9793 is divided by 79.
76
What is the remainder when 1074 is divided by 60?
54
Calculate the remainder when 6151 is divided by 768.
7
What is the remainder when 31901 is divided by 26?
25
What is the remainder when 109 is divided by 40?
29
Calculate the remainder when 332 is divided by 56.
52
Calculate the remainder when 1017 is divided by 37.
18
What is the remainder when 34 is divided by 19?
15
Calculate the remainder when 131 is divided by 36.
23
What is the remainder when 192 is divided by 186?
6
Calculate the remainder when 1558 is divided by 508.
34
Calculate the remainder when 21 is divided by 6.
3
What is the remainder when 147 is divided by 42?
21
Calculate the remainder when 372 is divided by 24.
12
What is the remainder when 107 is divided by 43?
21
Calculate the remainder when 325 is divided by 156.
13
What is the remainder when 321 is divided by 78?
9
What is the remainder when 982 is divided by 981?
1
What is the remainder when 48068 is divided by 253?
251
Calculate the remainder when 479 is divided by 118.
7
What is the remainder when 227 is divided by 120?
107
Calculate the remainder when 51 is divided by 16.
3
What is the remainder when 88 is divided by 13?
10
Calculate the remainder when 1553 is divided by 21.
20
Calculate the remainder when 662 is divided by 39.
38
Calculate the remainder when 14803 is divided by 141.
139
What is the remainder when 267 is divided by 45?
42
Calculate the remainder when 40 is divided by 14.
12
Calculate the remainder when 191 is divided by 48.
47
What is the remainder when 3654 is divided by 12?
6
What is the remainder when 49 is divided by 10?
9
What is the remainder when 285 is divided by 83?
36
What is the remainder when 683 is divided by 12?
11
What is the remainder when 1133 is divided by 189?
188
Calculate the remainder when 95 is divided by 7.
4
What is the remainder when 2331 is divided by 105?
21
What is the remainder when 1260 is divided by 554?
152
Calculate the remainder when 720 is divided by 235.
15
Calculate the remainder when 93 is divided by 43.
7
Calculate the remainder when 685 is divided by 16.
13
Calculate the remainder when 163 is divided by 57.
49
Calculate the remainder when 287 is divided by 57.
2
What is the remainder when 273 is divided by 53?
8
What is the remainder when 2108 is divided by 527?
0
Calculate the remainder when 3007 is divided by 116.
107
What is the remainder when 790 is divided by 156?
10
What is the remainder when 521 is divided by 29?
28
What is the remainder when 26 is divided by 20?
6
Calculate the remainder when 2297 is divided by 1140.
17
What is the remainder when 667 is divided by 23?
0
What is the remainder when 305 is divided by 19?
1
What is the remainder when 201 is divided by 68?
65
What is the remainder when 62 is divided by 27?
8
Calculate the remainder when 227 is divided by 80.
67
What is the remainder when 12887 is divided by 339?
5
Calculate the remainder when 100 is divided by 17.
15
What is the remainder when 359 is divided by 18?
17
Calculate the remainder when 81 is divided by 34.
13
Calculate the remainder when 286 is divided by 76.
58
What is the remainder when 567 is divided by 353?
214
Calculate the remainder when 891 is divided by 23.
17
What is the remainder when 196 is divided by 63?
7
Calculate the remainder when 356 is divided by 45.
41
Calculate the remainder when 135 is divided by 25.
10
Calculate the remainder when 22 is divided by 3.
1
Calculate the remainder when 503 is divided by 14.
13
What is the remainder when 107 is divided by 8?
3
What is the remainder when 1333 is divided by 359?
256
What is the remainder when 193 is divided by 35?
18
What is the remainder when 107 is divided by 11?
8
Calculate the remainder when 1945 is divided by 31.
23
What is the remainder when 7511 is divided by 2500?
11
What is the remainder when 42 is divided by 16?
10
Calculate the remainder when 935 is divided by 78.
77
Calculate the remainder when 116 is divided by 115.
1
What is the remainder when 1141 is divided by 13?
10
Calculate the remainder when 128 is divided by 71.
57
Calculate the remainder when 155 is divided by 3.
2
What is the remainder when 1847 is divided by 66?
65
Calculate the remainder when 101 is divided by 27.
20
What is the remainder when 155 is divided by 34?
19
Calculate the remainder when 457 is divided by 22.
17
Calculate the remainder when 16952 is divided by 54.
50
What is the remainder when 9917 is divided by 19?
18
What is the remainder when 82 is divided by 42?
40
What is the remainder when 8797 is divided by 166?
165
What is the remainder when 489 is divided by 37?
8
Calculate the remainder when 99 is divided by 40.
19
What is the remainder when 268 is divided by 17?
13
Calculate the remainder when 44 is divided by 24.
20
Calculate the remainder when 1245 is divided by 8.
5
Calculate the remainder when 91 is divided by 90.
1
What is the remainder when 1216 is divided by 21?
19
What is the remainder when 156 is divided by 41?
33
What is the remainder when 11529 is divided by 146?
141
Calculate the remainder when 86 is divided by 18.
14
What is the remainder when 319 is divided by 18?
13
Calculate the remainder when 3048 is divided by 113.
110
What is the remainder when 356 is divided by 87?
8
What is the remainder when 1062 is divided by 152?
150
Calculate the remainder when 166 is divided by 67.
32
Calculate the remainder when 62 is divided by 23.
16
Calculate the remainder when 7855 is divided by 53.
11
Calculate the remainder when 805 is divided by 14.
7
Calculate the remainder when 328 i